. What is l(d)?
-9
Let f be (-5)/((-15)/21) + 5 + (-2 - 9). Let x(u) be the first derivative of -9*u**4/4 - u**3/3 + u**2 - u - 1. Give x(f).
-9
Suppose -343*u + 168 = -329*u. Let f(b) = b - 7. Calculate f(u).
5
Let a(w) = w**2 + 4*w - 2. Let i(n) = -15*n**2 - 5 - 12*n**2 + 4*n + 28*n**2. Let u be i(-4). What is a(u)?
3
Let y(u) = u**2 - 17*u + 11. Let x(b) = -b + 12. Let m be x(-4). Determine y(m).
-5
Let f(n) = n**3 - 10*n**2 - 13*n + 12. Let y be (99/54*4)/(4/6). What is f(y)?
-10
Let p(s) be the second derivative of s**4/12 + s**3 + 3*s**2 - s. Suppose 13*u - 12*u + 2*n - 4 = 0, -u - 3*n + 9 = 0. What is p(u)?
6
Let o(x) = 7*x + 6. Let v(q) = 5*q - 2. Let g(y) = -o(y) + 2*v(y). What is g(4)?
2
Let p(o) = 2*o - 1. Let y(u) = -9*u - 5. Let g(r) = 4*p(r) + y(r). Calculate g(-6).
-3
Let z(p) = 3*p - 14. Let i be z(6). Suppose -17 = 5*o + 4*l, 2*o - 5*l = 17 - i. Let b(v) = 12*v**2 + v. Give b(o).
11
Let q(u) = -u**3 - u + 1. Let t(s) = -s - 4. Let i be t(-4). Suppose -o = -i*o + 4. Let k(l) = 3*l**3 + 2*l**2 + 6*l - 7. Let h(x) = o*q(x) - k(x). Give h(3).
6
Let v = 26 + -41. Let u = v - -17. Let l(p) = p**2 - 7*p + 4*p**2 - 7*p**u + 6 + 3*p**2. Determine l(4).
-6
Let x(k) = 2 + 2*k - 2 - k**2. Let v be (-5)/(9/18*-5). What is x(v)?
0
Let t(k) = -k**2 - 30*k - 80. Let x be t(-27). Let l(b) = -12*b**2 + 1. Determine l(x).
-11
Let k(y) = -y**2 - 5*y - 3. Let v(n) = -n + 4. Suppose -16 = 5*t - 2*t - 2*q, -3*q = 4*t - 7. Let i be v(t). Suppose -3*p + i = 21. Calculate k(p).
-3
Let z(r) = -1. Let i(n) = n + 1. Suppose 3*u - 24 + 39 = 0. Let f(s) = u*z(s) + i(s). Give f(5).
11
Suppose 0 = 2*i - 5*j + 2*j - 7, 5 = 2*i - j. Suppose i*o + 4*u - 3*u = 7, 0 = -3*o - 2*u + 11. Let a(y) = 4 - 3*y - y - o + y. Determine a(2).
-5
Let t be (30/(-18))/(45/(-54)). Let l(m) be the first derivative of 8 - 12*m - 11/2*m**t - 1/3*m**3. Calculate l(-10).
-2
Let h = -20 - -20. Let t(y) = y**2 - y + 0*y**2 + h*y + 2 - 2*y**2. Let z(j) = -j**3 - 6*j**2 - 5*j - 3. Let w be z(-5). Calculate t(w).
-4
Let x(y) = y + 2. Let b be (-4 + (11 - 7))/(-1). Calculate x(b).
2
Let t be 0/(-10 - -3) - -9. Let k(p) = p**3 - 8*p**2 - 10*p + 8. Calculate k(t).
-1
Let p(j) be the second derivative of 1/2*j**3 + 2*j**2 + 1/24*j**4 - 5*j + 0. Let k(c) be the first derivative of p(c). Calculate k(-3).
0
Let t(v) be the third derivative of -v**5/60 - v**4/4 - 3*v**3/2 + 82*v**2. Give t(-7).
-16
Let m(t) = 2*t - 48. Let a be m(22). Let z(r) be the third derivative of -r**4/24 + 5*r**3/6 - 5*r**2. What is z(a)?
9
Let h(z) be the first derivative of z**4/4 - 4*z**3/3 - 7*z**2/2 + 3*z - 36. Suppose 3*p = 4*p - 11. Suppose 4*t - p = -3*g, -4*g = 4*t - 0*g - 8. What is h(t)?
-7
Let d(f) = f**3 - 5*f**2 - 5*f + 7. Let x = 61 - 135. Let b = 79 + x. What is d(b)?
-18
Let r(n) be the third derivative of n**5/60 - n**4/2 + 3*n**3/2 + 7*n**2 + 2. Determine r(14).
37
Let v be 6 - (-185)/111*12/(-10). Let u(h) = -8*h**2 + 11*h - 2. Let a(j) = -j**2 + j - 1. Let b(r) = 6*a(r) - u(r). Give b(v).
8
Let q(y) = -y**3 - 6*y**2 - 5. Let i(d) be the second derivative of -d**3/6 - 9*d**2/2 - 8*d. Let l be i(-3). Calculate q(l).
-5
Let g(n) = 8*n - 1. Suppose 0 = -42*f - 6 - 162. Calculate g(f).
-33
Let r(g) = -4*g - 1 - 9 + 12 - 9. Calculate r(-6).
17
Let z(u) = 2 + 2 - 18*u + 19*u + 1. Suppose -69*m = -65*m. Calculate z(m).
5
Let m be (7/((-168)/(-18)))/(2/(-8)). Let v be (-2*m/(-12))/(1/(-8)). Let b(w) = w**2 - 2*w - 3. What is b(v)?
5
Let q(k) = k**3 - 5*k**2 - 2*k + 3. Let c(x) = 5 - 3 + 3 - x**3. Suppose -5*i = -a + 5, i - 5*a = -0*i - 25. Let w be c(i). Determine q(w).
-7
Let c(o) = 9*o - 16. Let y(z) = -z + 2. Let p(f) = c(f) + 6*y(f). Let x(r) = r - 2. Let v(b) = -2*p(b) + 5*x(b). Give v(4).
-6
Let d(l) = -8*l + 4. Let i(n) = 8*n + 9 - 18 - 6*n + 15*n. Let z(v) = -7*d(v) - 3*i(v). Let p be (1/(-2))/(2/(-4)). Determine z(p).
4
Let b(h) = 45*h**3 - 93*h**3 + 4*h**2 - 4*h + 5 + 49*h**3. Let c be (-1)/(-4) - (-84)/(-16). Give b(c).
0
Let b(h) = 7*h**3 - 2*h**2 - 2*h - 2. Let t(w) = w**2 - 34*w + 251. Let x be t(23). Calculate b(x).
-62
Let z(n) be the second derivative of n**6/120 - n**5/15 - n**4/4 + 2*n**3/3 - 6*n**2 - 16*n. Let y(m) be the first derivative of z(m). Calculate y(4).
-20
Let u(v) = -v**2 - 4*v + 8. Let m be u(-5). Let k(b) be the third derivative of b**5/30 - b**4/8 - b**3/3 + 3*b**2. What is k(m)?
7
Let f(x) be the first derivative of x**6/120 + x**5/15 - x**4/3 + x**3/6 + 12*x**2 - 18. Let p(m) be the second derivative of f(m). Calculate p(-6).
-23
Let y be (-6 - 2/(-1))*(4 + -2). Let z(q) = -5*q**2 + 19*q - 56. Let c(x) = -3*x**2 + 13*x - 37. Let i(a) = y*c(a) + 5*z(a). What is i(-11)?
-6
Suppose 3*n = 3*f, n - 2*f = 5*n. Let c(g) = -1 + g + n*g - 152*g**3 + 10*g**2 + 153*g**3. Give c(-10).
-11
Let r be (60/(-90))/(2/15)*-1. Let w(j) = 6*j - 5. Give w(r).
25
Let q(z) = 2*z**2 + 6*z + 2. Let s(u) = 4*u + 6. Let m(c) = c**2 - 7*c - 2. Let x be m(5). Let y be s(x). Let p be y/(-35)*20/(-6). What is q(p)?
10
Let r(o) = o**3 + 6*o**2 - 2*o - 6. Suppose -289 - 101 = -6*i. Suppose 0 = 7*l - 23 + i. What is r(l)?
6
Suppose 15*z - 22 - 38 = 0. Suppose 4 = r - 5*b + z*b, 6 = 2*b. Let g(d) = -d**2 + 8*d - 7. Give g(r).
0
Let b be (-2)/(-10) - 3/15. Suppose 0 = 5*n - b*n - 20. Let r(t) = -t**2 - 1. Let z(k) = k**2 + 5*k + 1. Let s(g) = 2*r(g) + z(g). Determine s(n).
3
Let k(t) = -13*t**2 - 19*t - 13. Let z(y) = -11*y**2 - 17*y - 12. Let v(a) = -5*k(a) + 6*z(a). Determine v(-3).
5
Let i be 10/(-50) - (-11)/5. Suppose -q = -i*q - 15. Let h = 18 + q. Let d(b) = 2*b - 4. What is d(h)?
2
Let p(m) be the first derivative of -m**3/6 + 3*m**2 - 30*m + 25. Let y(j) be the first derivative of p(j). Let s = 5 + 1. Calculate y(s).
0
Let k(u) = 1 + 0 - 11*u - 3*u. Suppose -4*l - 4 = -2*q, 0 = 5*l - 2*q + 5 - 0. Let h be -1*(l - -2)*-1. Calculate k(h).
-13
Let x(w) = -w**3 - 2*w**2 - 3*w - 4. Let l be (-4 - 44/(-12))/(2/6). Let n be l*1 + -4 + -4 + 6. What is x(n)?
14
Let t(g) = -3 - g + 2 - g + g**3. Let o be t(-1). Let x(d) = -3*d**2 + o*d**2 - 1 + 2*d**2 + 0*d**2 + 7*d. Calculate x(6).
5
Let r(a) = -11*a**3 + a - 1. Let z = -4 + 5. Let s be (z/2)/(2/(-12)). Let i be 2 + (s + 2 - 0). Determine r(i).
-11
Let h(l) be the second derivative of -l**8/6720 - l**7/420 + l**6/144 - l**5/15 + 2*l**4/3 - 10*l. Let p(s) be the third derivative of h(s). Give p(-7).
6
Let x(f) = -f**3 - f**2 + f + 3. Suppose 0 = -l + 3, 0 = 2*u + 6*l - 7*l - 23. Suppose 18 = -5*o + 3*j, 5*o + 0*j = -2*j - u. What is x(o)?
18
Let u(l) = 16 - 20*l**2 + 138933*l**3 - 5*l + 4*l - 138932*l**3. What is u(20)?
-4
Let v(n) = -n**3 - 2*n**2 - 2*n - 3. Let j be (64/80)/((-4)/(-30)). Suppose 5*o = 2*o - j. Give v(o).
1
Let y(i) be the third derivative of -i**4/24 + i**3/6 + i**2 - 5. Suppose -2*a + 10 + 3 = -3*g, 4*g - 3*a + 18 = 0. Determine y(g).
4
Suppose -6*l = l + 70. Let i = l + 12. Let h(x) = 4*x**2 - 3*x - 3*x**3 + 2*x + 0*x**i - 3*x**2 + 1. Calculate h(1).
-2
Let o(t) = -t**2 - 6*t - 16. Suppose 74*x - 12 = 70*x, -4*j - 4*x - 16 = 0. Determine o(j).
-23
Let g(f) = -f**3 - f**2 - f - 13. Let q(p) = -p**3 - p - 10 + 17*p + 8*p**2 + 5*p. Let a be q(10). Calculate g(a).
-13
Let p be 16/24 - (-2)/(-3). Let l(x) be the first derivative of x**4/4 - x**3/3 - x**2/2 + x + 376. Determine l(p).
1
Let i(h) = -h**2 + 8*h + 8. Let r(j) = j**3 + 6*j**2 + 10*j + 13. Let z be r(-2). Calculate i(z).
-1
Let w(l) be the third derivative of 0 - 6*l**2 + 0*l + 1/2*l**3 - 1/24*l**4 + 1/60*l**5. Let a(d) = -d**2 - 2. Let f(c) = 4*a(c) + 3*w(c). Give f(-4).
-3
Let b be 0 + 0 + (58 - 53). Let y(w) = -w**3 + 5*w**2 + 3*w - 5. Calculate y(b).
10
Let n(k) be the second derivative of 1/2*k**2 - 2/3*k**3 + 4*k + 0. Let m(h) = h**3 - 11*h**2 + 11*h - 11. Let a be m(10). Calculate n(a).
5
Let r(h) = 149*h**2 - 8 - 4*h - 150*h**2 - 2*h. What is r(-3)?
1
Suppose 173*g + 7 = 180*g. Let b(c) = 2*c**3 - c**2 + 1. Calculate b(g).
2
Let s(k) be the third derivative of -k**5/60 - 7*k**4/24 + k**3 - 109*k**2. Determine s(-5).
16
Let g(t) be the first derivative of -1/120*t**5 + 5 - 4/3*t**3 + 0*t + 1/8*t**4 + 0*t**2. Let j(b) be the third derivative of g(b). Give j(5).
-2
Let j(x) = 4*x**2 - x. Let h(u) = 17*u**2 - 6*u. Let z(o) = h(o) - 4*j(o). Let r = 3 + -1. Calculate z(r).
0
Let